5?
2
Let a(h) be the third derivative of h**5/60 + 5*h**4/24 + h**3/3 + 3*h**2. Let o be a(-5). Let i = 3 + o. Calculate the remainder when 14 is divided by i.
4
Suppose 0 = -2*d + 7*d - 15. Suppose 0*a - d*i + 149 = 4*a, 4 = -4*i. Calculate the remainder when a is divided by 10.
8
Suppose 5*j - 147 = 3*v, -4*j - 3*v = -0*j - 123. Let o = 97 - 40. Let u = o + -41. Calculate the remainder when j is divided by u.
14
Suppose 0 = -2*j + 5 + 7. Suppose -i - 105 = -6*i. Calculate the remainder when i is divided by j.
3
Suppose 48 = 4*h - 4. What is the remainder when 50 is divided by h?
11
Suppose 3*n = v + 5*n - 10, -4*v + 5*n - 25 = 0. Suppose 2*h - 2 - 10 = v. Suppose 0 = w + h - 26. Calculate the remainder when w is divided by 7.
6
Suppose 5*d - 47 = -o - 3*o, -34 = -3*o - 5*d. Suppose 3*a = 1 + 68. Calculate the remainder when a is divided by o.
10
Let j be ((-6)/7)/((-3)/21). Let v(b) = b - 4. Calculate the remainder when v(j) is divided by 2.
0
Let m = 1 + -5. Let z(b) = -b**2 + 7*b. What is the remainder when (24/18)/(m/(-102)) is divided by z(3)?
10
Suppose k + 10 = 30. Let b(t) = 8*t**2 - 2*t - 1. Let c be b(-2). Suppose -2*v = 3*v - c. What is the remainder when k is divided by v?
6
Let z = 15 + 28. Calculate the remainder when z is divided by 23.
20
Let f(t) = t**3 - 13*t**2 + 12*t - 9. Let p be f(12). Let w = 5 - p. What is the remainder when 25 is divided by w?
11
Suppose 3*w = 3*o + 3, -5*w - 60 = 3*o - 17. Let a(g) = -g**2 - 10*g + 1. What is the remainder when a(o) is divided by 9?
7
Calculate the remainder when (-30)/9*3*-1 is divided by ((1 + -7)/1)/(-1).
4
Let t be 0*(-1 + (4 - 2)). Suppose r + 2 = -p, 2*p + t*r - 11 = 3*r. What is the remainder when p is divided by 1?
0
Let j = -26 + 54. What is the remainder when j is divided by 15?
13
Let o = -23 + 36. What is the remainder when 38 is divided by o?
12
Let a be (-54)/(-10) + (-2)/5. Suppose -5 = t + 5*d, 0 = a*t + d - 3 - 20. What is the remainder when -5 + -2 + 4 + 16 is divided by t?
3
Let c be 1*(-3)/3*-9. Let j(r) = r - 1. Let x be j(4). Let f = c - x. Calculate the remainder when 23 is divided by f.
5
Suppose -3*t + 6*t - 2 = -5*r, t - r = 6. Suppose -75 = -3*x - 4*p, x - 70 = -x + t*p. What is the remainder when x is divided by (-1 - 3)*10/(-4)?
9
Let i(w) be the first derivative of 0*w + 1 + 2/3*w**3 - 9/2*w**2. Calculate the remainder when i(7) is divided by 12.
11
Let x(f) = 2*f**2 + 9*f - 8. What is the remainder when x(-7) is divided by 14?
13
Suppose 20 = -l + 2*l. Let h(v) = 2*v**3 - 4*v**2 - 2*v + 4. Let i be h(3). Let p = 75 - i. What is the remainder when p is divided by l?
19
Let n(q) = 6*q. Let w = 7 - 5. Suppose -2 = -4*y + w. What is the remainder when 9 is divided by n(y)?
3
Let z be (-1)/((20/104)/5). What is the remainder when z/(-4) + (-3)/(-6) is divided by 3?
1
Suppose 0 = -3*m + 5*m - 62. Let o be 10 + ((-3)/3 - -3). Suppose -6*h - w = -2*h - 45, o = h + w. Calculate the remainder when m is divided by h.
9
Suppose 4*g = -1 + 29. What is the remainder when 10 is divided by g?
3
Let m(q) = q**3 - 9*q**2 - 10*q - 17. What is the remainder when m(11) is divided by 29?
28
Let d(a) = 25*a**2 + a - 4. What is the remainder when d(-2) is divided by 25?
19
Let q(p) = -2*p - 9. Let y be q(-6). Suppose -b + y*b - 16 = 0. Let x = -24 + 39. What is the remainder when x is divided by b?
7
Suppose -81 = -5*a - 4*a. Calculate the remainder when a is divided by 5.
4
Suppose -2*w - 22 = 2*j - w, 6 = -2*j - 5*w. Let r = j - -65. What is the remainder when r is divided by 27?
25
Let h(x) be the first derivative of -3 + 4/3*x**3 + x**2 - x. Calculate the remainder when 8 is divided by h(1).
3
Suppose 9*r - r = 80. What is the remainder when r is divided by 7?
3
Let j(z) = z**2 + 4*z - 6. Calculate the remainder when 25/2*(15 + -11) is divided by j(-8).
24
Let a(c) = 33*c + 2. Let g be a(3). Let u = -60 + g. Calculate the remainder when u is divided by 14.
13
Let k(f) = -f**2 - f + 4. Let t be k(0). Suppose -q + 30 = t*q. Calculate the remainder when 27 is divided by q.
3
Suppose -3*d - r = 2*d - 93, 0 = -d - r + 21. Let h = d - -3. What is the remainder when h is divided by 12?
9
Suppose w - 4 = -0. Calculate the remainder when 1*(21*w)/4 is divided by 8.
5
Suppose 5*y - 2*y - 324 = 0. Let v = -46 + y. What is the remainder when v is divided by 21?
20
Suppose 344 + 84 = 4*r. Calculate the remainder when r is divided by 27.
26
Let c(d) = -d**2 - 11*d - 10. Let o be c(-9). What is the remainder when (o/5)/((-3)/(-15)) is divided by 3?
2
Suppose w - 34 = -0*w. Suppose 3*p = s + 2*s + 126, -3*p - 170 = 5*s. Let f = s + 55. Calculate the remainder when w is divided by f.
16
Suppose 2*i + 4*u = 3*u + 10, 2*u - 16 = -3*i. What is the remainder when -11*1/(2 - 3) is divided by i?
3
Let t = 1 + -1. Calculate the remainder when 3 + (-1 - t) - -14 is divided by 6.
4
Let u be (-56)/10 + 6/(-15). Let o = 5 - u. Suppose 21 + 3 = 4*h. What is the remainder when o is divided by h?
5
Let o = 15 - -5. Calculate the remainder when 38 is divided by o.
18
Let m = -46 + 76. What is the remainder when m is divided by 11?
8
Calculate the remainder when 4 is divided by 12 + -4 + -4 - 2.
0
Let d be 1*(-2*1 - -2). Suppose 6*j - j - 45 = d. Let w = -2 + j. What is the remainder when w is divided by 4?
3
Suppose -2*w + 5*v = 8 - 37, -3*w + v + 37 = 0. Let p(j) = 7*j**2 - 3*j - 1. What is the remainder when p(-2) is divided by w?
9
Let b(k) = -40*k - 1. Suppose -4*l = -m + 7, -2*l = 4*m - 12 + 2. What is the remainder when b(l) is divided by 14?
11
Suppose -11*q = -39 - 60. Suppose -3 = h - 8. What is the remainder when q is divided by h?
4
Let r = 13 + -7. Let q = r + 7. Calculate the remainder when 62 is divided by q.
10
Let s(z) = -4*z - 2*z**3 + 2*z**3 + 4*z**2 + 6 - z**3 + 4*z**2. Calculate the remainder when s(5) is divided by 16.
13
Suppose 0 = -t - 3*t + 56. Suppose 5*b + 5*n = 40, -2*b + n = 2*b - 37. Let m = b - -17. What is the remainder when m is divided by t?
12
Let o(p) = -p**2 + 5*p + 6. Calculate the remainder when 89 is divided by o(4).
9
Suppose -2*c = 3*c - 380. Suppose 3*g - c = 5. Calculate the remainder when g is divided by 5.
2
Calculate the remainder when (-1)/(-2)*(76 + -8) is divided by 9.
7
Let k(u) = u**2 - 3*u + 0*u**2 - u + 6. Suppose 5*d - 5 = 20. Calculate the remainder when k(d) is divided by 6.
5
Let k = 7 + -1. What is the remainder when 15 is divided by k?
3
Suppose 6*d - d = 5, 2*a - 46 = 4*d. What is the remainder when a is divided by 6/27 - 115/(-9)?
12
Suppose 0*m - a + 79 = 4*m, 5*a - 34 = -m. What is the remainder when m is divided by 7?
5
Let h(v) = 5*v**2 - 21*v + 31. Let w(o) = -2*o**2 + 7*o - 10. Let n(s) = 3*h(s) + 8*w(s). What is the remainder when n(-8) is divided by 3?
2
Let w(f) be the first derivative of 47*f**3/3 + 3. What is the remainder when w(-1) is divided by 12?
11
Let z be 6/6*2*7. Let b = -4 + z. What is the remainder when 18 is divided by b?
8
Let t = 91 + -51. Calculate the remainder when 158 is divided by t.
38
Let b(s) = s**2 + s. Let y(w) = -2*w**2 - 2*w. Let m(a) = -11*b(a) - 6*y(a). What is the remainder when (-6)/(-15) + (-96)/(-10) is divided by m(2)?
4
Calculate the remainder when 19 is divided by 0 - -12 - 7/7.
8
Suppose -5*w + 112 = 2*w. What is the remainder when w is divided by 6?
4
Let h(l) = -3*l - 5*l**2 + 4*l + 17*l**2. What is the remainder when 49 is divided by h(1)?
10
Let r = -6 + 34. What is the remainder when 52 is divided by r?
24
Suppose 4*i + 5 = 13. Calculate the remainder when (-86)/(-12) - i/12 is divided by 3.
1
Let b(h) = -11*h + 0 + 10*h - 3. Let d(j) = -j**3 + 4*j**2 + 5*j - 4. What is the remainder when d(4) is divided by b(-9)?
4
Calculate the remainder when 52 is divided by -4 - (-5)/((-25)/(-155)).
25
Suppose -2*l = -3*k - 4 + 8, 4*l - 5*k = -4. Suppose -4*b - 15 = -9*b. Calculate the remainder when l is divided by b.
1
Let f be 2 - (-1 + 2 - 3). Let x = 7 - f. Suppose -x*h + 53 = -2*h. Calculate the remainder when h is divided by 18.
17
Let t = 106 + -50. What is the remainder when t is divided by 15?
11
Suppose 2*q = 9 + 23. Let k be (0 - -1)*(-10)/(-5). Suppose -q = -k*z + 2*j, -2*z + z + 5*j = -4. What is the remainder when 16 is divided by z?
7
Suppose u - 9 = -2*u. Suppose 3*s - 71 = -0*s + 4*